067?
327575
In base 9, what is -351224201 + 5?
-351224185
In base 15, what is -1173b899 - -1?
-1173b898
In base 12, what is 737b2 + 11?
73803
In base 2, what is -101110101010001000110000001 + 1?
-101110101010001000110000000
In base 16, what is a6ebdf + 7?
a6ebe6
In base 14, what is 1b17 + 1890?
35a7
In base 16, what is 6c03 - 8e?
6b75
In base 14, what is 328 + d76cb?
d7a15
In base 5, what is -40111 + -1110102?
-1200213
In base 3, what is -122020101 - -1222212211?
1100122110
In base 12, what is -33532961 - 2?
-33532963
In base 14, what is a4ca7 - -2db?
a51a4
In base 8, what is 20417 - -17735?
40354
In base 3, what is -11220222 + 1200200101?
1111202102
In base 12, what is -12786802 + 4?
-127867ba
In base 6, what is -1340451 + -2445?
-1343340
In base 11, what is a47 - 116404?
-115468
In base 10, what is -786967418 + -5?
-786967423
In base 11, what is -6 + -a0a7069?
-a0a7074
In base 6, what is -13354131032 + -4?
-13354131040
In base 8, what is -1103 - 167313?
-170416
In base 9, what is -7 + 16881242?
16881234
In base 8, what is -151472 - -265?
-151205
In base 3, what is -10121022110 + 201001?
-10120121102
In base 12, what is 3 + 3553502?
3553505
In base 11, what is -2 - a934202?
-a934204
In base 10, what is -35115778 + 29?
-35115749
In base 10, what is 2459 + -225809?
-223350
In base 15, what is 0 - -3e6b79b?
3e6b79b
In base 3, what is -112012201 + -10210221?
-200000122
In base 9, what is 301 + 3482111?
3482412
In base 9, what is -2 - 17305322?
-17305324
In base 3, what is 2022200 - 1020002121?
-1010202221
In base 12, what is 14b490 + -8?
14b484
In base 7, what is -2 + 234632546?
234632544
In base 13, what is -6362b3c - 0?
-6362b3c
In base 5, what is -23430 + -10210124?
-10234104
In base 15, what is 11497cc + -56?
1149776
In base 3, what is -212 + 12220100112?
12220022200
In base 16, what is ab + fde15?
fdec0
In base 14, what is -58 - 17c67?
-17cc1
In base 9, what is 0 - 684764?
-684764
In base 3, what is -1121222011 + -10001100?
-1202000111
In base 10, what is 59246 - -320?
59566
In base 7, what is 40163352 - 1?
40163351
In base 7, what is -13 + 2063063?
2063050
In base 8, what is -122040030 - 2?
-122040032
In base 13, what is 1cb602 - -33?
1cb635
In base 16, what is -34a4e - -c?
-34a42
In base 15, what is -18 - -8a2061?
8a2048
In base 9, what is -100 + 11350211?
11350111
In base 10, what is -1763 - 51033?
-52796
In base 3, what is -202201201200112 - -2?
-202201201200110
In base 8, what is 10460340 + 7?
10460347
In base 9, what is -3 + -51702085?
-51702088
In base 16, what is 68c7 - -5a?
6921
In base 12, what is -31 + -442108?
-442139
In base 10, what is 1059547582 - -3?
1059547585
In base 16, what is 3 + 6433bc?
6433bf
In base 7, what is -45446 - 125305?
-204054
In base 15, what is -112 - 4797de?
-479901
In base 10, what is 405056 - 138?
404918
In base 12, what is -269247 + -10?
-269257
In base 15, what is 2 + 24bd0a7?
24bd0a9
In base 16, what is 14 - -a2830?
a2844
In base 14, what is -2 - -158a24?
158a22
In base 15, what is 485a + -e1?
4769
In base 6, what is -50125 + -250252?
-340421
In base 3, what is 1112110 - -102020221?
110210101
In base 2, what is 10011111 + 100111000000111000?
100111000011010111
In base 8, what is -17 + -11153023?
-11153042
In base 7, what is -6231204 + -15?
-6231222
In base 12, what is 47 - -1046515?
1046560
In base 7, what is 0 + -146102405?
-146102405
In base 14, what is 7 - 8d485?
-8d47c
In base 6, what is 4 - -354221044?
354221052
In base 13, what is 672 - 188c?
-121a
In base 8, what is 354 - -563162?
563536
In base 14, what is 514 - -5523?
5a37
In base 9, what is -4535 - -328?
-4206
In base 7, what is 5403614621 + -5?
5403614613
In base 15, what is -6379429 - 2?
-637942b
In base 14, what is 103d0 - -9?
103d9
In base 14, what is 20d7 + 49?
2142
In base 2, what is 1 - 1001001100010011101100?
-1001001100010011101011
In base 13, what is -2693 - -14491?
11acb
In base 15, what is 2 - -b59dbdc?
b59dbde
In base 15, what is 7 - b51db5?
-b51dad
In base 3, what is -10000112220201120 + 22?
-10000112220201021
In base 3, what is -212211111210020 - 12?
-212211111210102
In base 14, what is -123831a - b?
-1238327
In base 3, what is -10221110 - -21120000?
10121120
In base 10, what is -14 + -1575202?
-1575216
In base 10, what is -212 + 32028?
31816
In base 13, what is 34c1839 + -c?
34c182a
In base 12, what is 3 - -1a950969?
1a950970
In base 15, what is -43e7a + a?
-43e70
In base 16, what is -8e177 - -a?
-8e16d
In base 14, what is 6d48 + -394?
6994
In base 12, what is 19aa20 - 102?
19a91a
In base 6, what is -5 - -15554015244?
15554015235
In base 11, what is -561 + 2754?
21a3
In base 4, what is 311312121 - 30?
311312031
In base 10, what is -10987791 - 2?
-10987793
In base 5, what is 2 + 1041024124?
1041024131
In base 16, what is -a - 6f8999?
-6f89a3
In base 11, what is -818860 + -187?
-818a37
In base 6, what is -2514333523 + 4?
-2514333515
In base 16, what is 3 + 6e9073?
6e9076
In base 14, what is c7ac9d + -12?
c7ac8b
In base 4, what is 203133 - -3210301?
10020100
In base 7, what is 3 - 1136646662?
-1136646656
In base 14, what is -c64c88c7 + 2?
-c64c88c5
In base 12, what is -500316 + -87?
-5003a1
In base 12, what is 6b4 - 18121?
-17629
In base 10, what is -1261814 + -78?
-1261892
In base 3, what is -12 - -100022010022010?
100022010021221
In base 3, what is 2100002020 + -1011?
2100001002
In base 7, what is 5 + 35236443?
35236451
In base 2, what is -1010000010110110000 - 110110?
-1010000010111100110
In base 12, what is 9417 + -9613?
-1b8
In base 8, what is -1455 - -1242574?
1241117
In base 16, what is -ab - -14b7b?
14ad0
In base 3, what is -212110111210 - 12012?
-212110200222
In base 10, what is 13043 - 498?
12545
In base 11, what is 4816 - 167a?
3147
In base 11, what is -6 - 1aa586?
-1aa591
In base 16, what is -c175 + -9b?
-c210
In base 7, what is 4 + -154523464?
-154523460
In base 2, what is 11100000100111101101 - -1011110111?
11100000110011100100
In base 2, what is 111110000100011111111111101 - 1?
111110000100011111111111100
In base 12, what is -755466 - -149?
-755319
In base 6, what is 244342200201 - 2?
244342200155
In base 13, what is 9c4 - 546b?
-4777
In base 16, what is -155c80 - -1?
-155c7f
In base 16, what is -c - 16dfb73?
-16dfb7f
In base 14, what is -82 + -11b33?
-11bb5
In base 3, what is 11 + -1110121021200200?
-1110121021200112
In base 5, what is -211 + -13412310?
-13413021
In base 7, what is 124 - 6666245?
-6666121
In base 3, what is -2 + 1212221112012?
1212221112010
In base 4, what is 21 + 23111313123?
23111313210
In base 10, what is -75 + 62132?
62057
In base 15, what is 2 + -4879975?
-4879973
In base 15, what is 87d - 87e?
-1
In base 16, what is -41 - 59f74?
-59fb5
In base 3, what is -12111220 + 1122012?
-10212201
In base 8, what is 6432556 - 4?
6432552
In base 15, what is -1097a + -19a?
-10b25
In base 5, what is -122001143232 - 4?
-122001143241
In base 2, what is -101011110001111101111110 + -101?
-101011110001111110000011
In base 8, what is -624062374 + -1?
-624062375
In base 10, what is -3 - -25501124?
25501121
In base 16, what is -2c8512 - 1d?
-2c852f
In base 6, what is -23350 - -5355?
-13551
In base 9, what is 7 - 456071?
-456063
In base 8, what is 3 + 445457212?
445457215
In base 5, what is -1142230 + 300412?
-341313
In base 10, what is -2821192 - 2?
-2821194
In base 7, what is 126 + -303405?
-303246
In base 3, what is -201102010021 + -10011?
-201102020102
In base 7, what is 624566 - -451?
625350
In base 3, what is -1212110201220201 + 110?
-1212110201220021
In base 6, what is 55122411 + -10?
55122401
In base 14, what is -446 + 1d24?
18bc
In base 8, what is 67371741 + 104?
67372045
In base 12, what is 6a7 + -22698?
-21bb1
In base 2, what is -1001111001110101001100011 - 1?
-1001111001110101001100100
In base 4, what is 120203120 - -1001?
120210121
In base 14, what is 7d4b776 + -3?
7d4b773
In base 2, what is -110 - 10011101101101101011110000?
-10011101101101101011110110
In base 12, what is 2b783 + 162?
2b925
In base 9, what is -11141 + -780?
-12031
In base 4, what is -222130232031 + -1?
-222130232032
In base 8, what is 101404 + 60422?
162026
In base 10, what is -6 - -876005?
875999
In base 10, what is 14858 + 318?
15176
In base 10, what is 15 + -520439?
-520424
In base 5, what is 3 + 10134144432?
10134144440
In bas